e 56628?
True
Does 52 divide 6336044?
True
Does 25 divide 535000?
True
Is 11 a factor of 48624?
False
Is 219888 a multiple of 108?
True
Does 21 divide 132976?
False
Is 214586 a multiple of 46?
False
Is 10 a factor of 719180?
True
Does 89 divide 5605843?
True
Is 1471 a factor of 8274788?
False
Is 2 a factor of 1287363?
False
Is 346 a factor of 842510?
True
Is 213543 a multiple of 297?
True
Is 30303854 a multiple of 2309?
False
Does 514 divide 5233548?
True
Does 7 divide 40927?
False
Does 128 divide 7168?
True
Is 16 a factor of 11195487?
False
Is 431 a factor of 287046?
True
Does 98 divide 2804956?
True
Does 8 divide 547488?
True
Is 124321 a multiple of 29?
False
Is 3307017 a multiple of 781?
False
Is 1486751 a multiple of 423?
False
Is 22 a factor of 3198436?
False
Is 10812 a multiple of 12?
True
Does 30 divide 953925?
False
Does 20 divide 247345?
False
Is 332 a factor of 68475?
False
Does 647 divide 12266473?
True
Does 11 divide 4501002?
True
Is 1265344 a multiple of 19?
False
Does 174 divide 5122407?
False
Is 2484495 a multiple of 279?
True
Does 17 divide 540464?
True
Does 3 divide 454680?
True
Does 110 divide 103438?
False
Is 132 a factor of 20140824?
True
Does 25 divide 286776?
False
Is 175590 a multiple of 15?
True
Does 23 divide 9853085?
True
Is 272619 a multiple of 23?
True
Is 367 a factor of 146998?
False
Does 66 divide 3763848?
True
Is 19 a factor of 874047?
False
Does 13 divide 181909?
True
Does 1246 divide 4179084?
True
Is 301796 a multiple of 335?
False
Is 104128 a multiple of 10?
False
Is 15 a factor of 7510650?
True
Does 49 divide 2385271?
True
Does 5 divide 100920?
True
Does 46 divide 1271185?
False
Does 21 divide 218325?
False
Is 447522 a multiple of 127?
False
Is 6469823 a multiple of 43?
True
Is 11 a factor of 434190?
False
Is 13 a factor of 11831547?
True
Is 50822 a multiple of 64?
False
Is 9 a factor of 1113568?
False
Is 5733747 a multiple of 27?
True
Is 29 a factor of 850889?
True
Does 15 divide 48615?
True
Is 14736120 a multiple of 120?
True
Is 828 a factor of 7455984?
False
Is 296 a factor of 254560?
True
Does 8 divide 309510?
False
Does 18 divide 149391?
False
Does 65 divide 7590892?
False
Is 15 a factor of 28879?
False
Is 392 a factor of 9069312?
True
Does 35 divide 742875?
True
Is 94 a factor of 10520147?
False
Is 443803 a multiple of 2?
False
Does 322 divide 2832634?
True
Is 358 a factor of 128850?
False
Is 948294 a multiple of 102?
True
Is 35 a factor of 221270?
True
Is 6 a factor of 187229?
False
Is 3030066 a multiple of 299?
True
Is 323 a factor of 1254532?
True
Is 65 a factor of 589750?
False
Does 28 divide 111944?
True
Does 507 divide 6838416?
True
Does 5 divide 1245850?
True
Is 1817673 a multiple of 741?
True
Is 7 a factor of 489097?
True
Is 196 a factor of 21715820?
True
Is 3193340 a multiple of 20?
True
Is 4 a factor of 49172?
True
Is 66720 a multiple of 12?
True
Is 4 a factor of 2021004?
True
Does 109 divide 24682?
False
Is 250000 a multiple of 400?
True
Is 100235 a multiple of 5?
True
Is 3462900 a multiple of 970?
True
Does 2 divide 4626?
True
Is 2011194 a multiple of 14?
False
Is 62 a factor of 113274?
True
Is 1008937 a multiple of 6?
False
Does 32 divide 137733?
False
Does 91 divide 98005?
False
Is 14 a factor of 405104?
True
Does 338 divide 1578122?
True
Does 27 divide 2772122?
False
Is 154800 a multiple of 60?
True
Is 219 a factor of 3454441?
False
Is 38 a factor of 4256?
True
Does 39 divide 821905?
False
Is 1062321 a multiple of 157?
False
Does 13 divide 5941806?
True
Does 4 divide 31048?
True
Does 828 divide 8150832?
True
Is 87040 a multiple of 4?
True
Does 731 divide 2643296?
True
Is 675 a factor of 4542969?
False
Does 278 divide 4902530?
True
Is 207164 a multiple of 8?
False
Is 3952702 a multiple of 23?
False
Does 68 divide 7002580?
False
Is 1983934 a multiple of 20?
False
Does 50 divide 5716578?
False
Is 18141998 a multiple of 14?
True
Is 2 a factor of 1482782?
True
Is 268433 a multiple of 253?
True
Is 1190614 a multiple of 1076?
False
Does 205 divide 83023?
False
Does 5 divide 963711?
False
Does 1774 divide 22366592?
True
Is 676 a factor of 4135092?
True
Is 9540 a multiple of 106?
True
Does 8 divide 2010?
False
Does 127 divide 6095991?
False
Is 2932981 a multiple of 217?
False
Is 2407872 a multiple of 74?
False
Is 104746 a multiple of 10?
False
Does 92 divide 154928?
True
Is 75 a factor of 318424?
False
Is 60 a factor of 3455297?
False
Is 62104 a multiple of 28?
True
Is 15743159 a multiple of 15?
False
Is 25 a factor of 25632?
False
Does 9 divide 131553?
True
Is 22 a factor of 3125584?
True
Is 120 a factor of 2139689?
False
Does 5 divide 1670263?
False
Is 183582 a multiple of 329?
True
Is 194731 a multiple of 19?
True
Is 73 a factor of 537864?
True
Is 591767 a multiple of 510?
False
Is 1271520 a multiple of 45?
True
Is 39600 a multiple of 75?
True
Does 53 divide 1124574?
False
Is 126876 a multiple of 97?
True
Is 11 a factor of 2890020?
False
Does 323 divide 208035?
False
Is 96 a factor of 216020?
False
Does 102 divide 76602?
True
Is 61809 a multiple of 9?
False
Does 7 divide 62985?
False
Is 29676 a multiple of 54?
False
Is 1168208 a multiple of 138?
False
Does 23 divide 158565?
False
Is 13364543 a multiple of 159?
False
Is 677488 a multiple of 25?
False
Is 19 a factor of 3674883?
False
Is 242 a factor of 1012528?
True
Is 165715 a multiple of 7?
False
Is 9912625 a multiple of 125?
True
Is 11 a factor of 173598?
False
Is 16 a factor of 24128?
True
Is 13613 a multiple of 58?
False
Does 188 divide 250792?
True
Is 14 a factor of 8822198?
True
Does 19 divide 331740?
True
Is 2555753 a multiple of 8?
False
Does 963 divide 1390572?
True
Is 398985 a multiple of 32?
False
Is 2855026 a multiple of 65?
False
Is 21 a factor of 5989067?
False
Does 221 divide 553605?
True
Is 4364491 a multiple of 222?
False
Is 98640 a multiple of 16?
True
Is 154 a factor of 145838?
True
Does 26 divide 29848?
True
Does 927 divide 3136211?
False
Does 8 divide 299661?
False
Is 4 a factor of 1076336?
True
Is 2792470 a multiple of 5?
True
Is 2394630 a multiple of 490?
True
Does 6 divide 4066039?
False
Does 15 divide 74145?
True
Does 8 divide 14961?
False
Does 67 divide 25821?
False
Is 22753005 a multiple of 15?
True
Is 7866 a multiple of 2?
True
Is 8 a factor of 75365?
False
Is 1169423 a multiple of 11?
False
Is 366725 a multiple of 90?
False
Is 1666093 a multiple of 671?
True
Is 8170 a multiple of 4?
False
Is 2153050 a multiple of 34?
True
Does 76 divide 9443380?
True
Is 73 a factor of 32923?
True
Is 43 a factor of 3123477?
True
Is 234 a factor of 44444?
False
Is 10339805 a multiple of 203?
True
Is 5 a factor of 18665?
True
Is 20 a factor of 23474440?
True
Is 615150 a multiple of 150?
True
Does 2 divide 164281?
False
Does 177 divide 7563741?
True
Is 3421360 a multiple of 12?
False
Is 49 a factor of 138866?
True
Is 15793 a multiple of 50?
False
Is 33015 a multiple of 31?
True
Is 349303 a multiple of 44?
False
Is 19860282 a multiple of 24?
False
Is 2 a factor of 73244?
True
Does 15 divide 1138645?
False
Is 420192 a multiple of 96?
True
Is 143448 a multiple of 43?
True
Is 26296 a multiple of 63?
False
Is 216 a factor of 144561?
False
Is 57 a factor of 52047?
False
Is 2 a factor of 451527?
False
Is 123 a factor of 34686?
True
Does 75 divide 5308?
False
Is 129200 a multiple of 17?
True
Is 299642 a multiple of 238?
True
Is 34157 a multiple of 7?
False
Does 83 divide 231467?
False
Is 29 a factor of 12818?
True
Is 126 a factor of 169521?
False
Does 6 divide 1559472?
True
Is 5463687 a multiple of 29?
True
Is 2600234 a multiple of 4?
False
Is 1050697 a multiple of 4?
False
Does 441 divide 73647?
True
Is 38 a factor of 407496?
False
Does 30 divide 8401050?
True
Does 2 divide 2291?
False
Is 8994551 a multiple of 13?
False
Does 10 divide 75223?
False
Does 7 divide 61835?
False
Does 25 divide 448836?
False
Is 164 a factor of 917650?
False
Is 702215 a multiple of 320?
False
Is 138 a factor of 53402?
False
Is 69960 a multiple of 132?
True
Is 38362 a multiple of 561?
False
Does 13 divide 14073761?
True
Is 6 a factor of 167730?
True
Is 281314 a multiple of 209?
True
Does 30 divide 332645?
False
Does 593 divide 247281?
True
Is 10 a factor of 12945703?
False
Is 49 a factor of 35672?
True
Is 197 a factor of 4285932?
True
Does 179 divide 1016456?
Fals